emainder when x is divided by 7 + -1*(0 + 1)?
5
Let d be 6/(-27) - 112/(-18). Let f(g) = -g**3 + 7*g**2 - 8*g - 3. Let c be f(d). Let i = c - -35. What is the remainder when i is divided by 7?
6
Suppose 0*z + 2*z - 71 = -c, -2*z + 5*c + 77 = 0. Let j = -5 - -15. Calculate the remainder when z is divided by j.
6
Suppose -3*u - 9 = 3*q, q - 8*u - 21 = -3*u. Let l = 6 - 4. Calculate the remainder when l is divided by q.
0
Let i = 31 + -28. Calculate the remainder when i is divided by -2 + 0 + 2 + 2.
1
Suppose 3*l - 1 = 2*c, l - 6*l - c = -19. Suppose d - 24 = -2*n, 2*n + 4*d = 3*n - l. Calculate the remainder when n is divided by 3.
2
Suppose 2*q + q + 12 = 0, -5*q - 125 = -5*g. What is the remainder when ((-279)/(-12))/(9/24) is divided by g?
20
Suppose -c = -m - 8, -3*m = -3*c + 7*c - 39. What is the remainder when 25 is divided by c?
7
Suppose 0 = 3*l - 3*g + g - 45, 4*g = 3*l - 45. Calculate the remainder when 40 is divided by l.
10
Let g(u) = -u - 1. Let c be -3 + 0 - 1 - 2. Let l(i) = -i**3 + 4*i**2 - i - 4. What is the remainder when g(c) is divided by l(3)?
1
Let l be (288/40)/((-2)/(-10)). Suppose l = 4*v - 3*v. What is the remainder when v is divided by 20?
16
What is the remainder when 2 is divided by 14/10 - (-3)/5?
0
Suppose -3*g + 6 = -21. Calculate the remainder when 12 is divided by g.
3
Suppose 3*x - 522 = -3*x. What is the remainder when x is divided by 30?
27
Let b be 0 + -1 + 4 + -2. What is the remainder when 2 is divided by (b/3)/(5/15)?
0
Let o = 19 + 6. What is the remainder when 73 is divided by o?
23
Let o(x) = -x**2 - 6*x - 3. Let m be o(-5). Suppose 4 = -5*t - 11, -t = m*f - 7. Calculate the remainder when f is divided by ((-3)/5)/((-2)/10).
2
Let t(c) = 6*c**2 - 3*c - 1. Suppose -4*v + 4 = n - 7*v, 0 = -n + 2*v + 4. Calculate the remainder when t(n) is divided by 21.
20
Let d be 6*(0 - (-2)/3). Suppose f - 4*a = 26, d*f + a - 14 = -a. What is the remainder when 17 is divided by f?
5
Let p be -1*6*55/(-5). Suppose -4*n + p = -n. What is the remainder when n is divided by 8?
6
Calculate the remainder when 0/(-1) + 2 - -15 is divided by 7.
3
Let z(h) = 10*h + 2. Let q(x) = -8*x - 1. Let m(n) = n**3 - 5*n**2 + n - 6. Let l be m(5). Calculate the remainder when z(1) is divided by q(l).
5
Suppose 2*k = -0*k - 3*t + 38, 5*k = -2*t + 117. Let z = k + 27. Let l = -31 + z. Calculate the remainder when l is divided by 11.
10
Let s be (-2)/(-4)*8 + -2. Suppose -s*v - 5*o - 33 = -4*v, -5*o - 41 = -4*v. Calculate the remainder when 6 is divided by v.
2
Calculate the remainder when 25 is divided by 42/35*15/2.
7
Let o = -7 + 8. Let i be 0 - -16 - 0/o. Suppose 5*b + i = 66. What is the remainder when 17 is divided by b?
7
Let l = 7 - 15. Let i = -8 - l. Suppose i*v - v + 17 = 0. Calculate the remainder when 50 is divided by v.
16
Suppose -3 = 3*b, 4*l - 3*b + 0*b - 43 = 0. Suppose 0*c = 2*c - 8. What is the remainder when l is divided by c?
2
Suppose 0 = -4*o + 5*o - 16. Let p = 113 + -67. What is the remainder when p is divided by o?
14
Suppose t + 41 = -3*g - 7, -3*t - 120 = -3*g. Let a = t + 118. What is the remainder when a is divided by 26?
24
Suppose 21 = 6*x + x. Calculate the remainder when 13 is divided by x.
1
Suppose 0*p = 3*p + 5*f - 10, 5*p + 2 = f. Suppose 24 = -p*q - 4*q. Let b(x) = -x**3 - 7*x**2 - 8*x + 1. Calculate the remainder when 38 is divided by b(q).
12
Let s = 72 + -58. Suppose 3*x = x - 5*y - 12, 5*y = 2*x - 28. Let a(n) = n**3 - 2*n**2 + 3*n - 4. Calculate the remainder when a(x) is divided by s.
12
Let w = -18 + 37. Calculate the remainder when 56 is divided by w.
18
What is the remainder when (-20)/((-12)/(-8)*(-3)/18) is divided by 27?
26
Suppose -m - 3*m = -8. Let w = m - -4. Let o = w - -8. Calculate the remainder when o is divided by 5.
4
Suppose -2*y + 10 = -2. Suppose 0 = 2*q - y*q - 5*c + 5, -2*c - 11 = -q. Suppose 20 = q*h - 20. What is the remainder when h is divided by 3?
2
Let l(j) = j**2 - 7. Let d be l(-8). Suppose 0 = -4*a + 2*z + 58, 23 + d = 5*a + 5*z. What is the remainder when 27 is divided by a?
12
Let h(d) = d**2 + 3*d + 1. What is the remainder when (-1)/(-2)*(7 - 5) is divided by h(-3)?
0
Let s(w) = -8 + 8*w + 0*w - 4*w. Suppose -6*t = -t - 150. Calculate the remainder when t is divided by s(6).
14
Let c(j) = -j + 23. Suppose n = -0*n + 34. What is the remainder when n is divided by c(11)?
10
Suppose 2*q - 28 = -4*o, -3*o + 0*o = q - 21. Suppose 2*u + 2 = 3*u. Suppose -v - u*v + 12 = 0. What is the remainder when o is divided by v?
3
Suppose w = -9*b + 5*b + 15, 3*b - 3 = 0. What is the remainder when 64 is divided by w?
9
Let m be ((-15)/(-2))/(3/18). Suppose 5*l - 5*i + 2*i - 53 = 0, -5*i - m = -4*l. Suppose 2*h - 24 - l = 0. Calculate the remainder when h is divided by 6.
5
Let a(p) = p**3 + 5*p**2 - p + 1. What is the remainder when 74 is divided by a(2)?
20
Calculate the remainder when 25 is divided by 548/60 + (-2)/15.
7
Suppose -a = -2*a + 18. Suppose -1 = -5*s + 14, a = b + 3*s. Calculate the remainder when b is divided by 3.
0
Calculate the remainder when 57 is divided by (4 + 21/(-12))/(3/8).
3
Let k be (-1 + 0)*-1 - -3. Suppose f = -o + 13, k*o - 2*f - 10 = 3*o. What is the remainder when 21 is divided by o?
9
Let d = -3 - -7. Let k = 6 - d. Suppose 0*c + 12 = 3*c. What is the remainder when c is divided by k?
0
Suppose -4*p = -2*y + 5 + 29, -32 = -4*y - p. What is the remainder when y is divided by 6?
3
Calculate the remainder when 6 is divided by ((-4)/3)/(12/(-27)).
0
Let t(r) = -r + 13. Let a be t(10). Let n = a + -2. What is the remainder when 2 is divided by n?
0
Suppose -3*k + 81 = -12. Let y = k + -8. Suppose 4*o = d - y, 5*d - 96 = 2*o - o. Calculate the remainder when d is divided by 7.
5
Calculate the remainder when (24/(-15))/(-4)*125 is divided by 18.
14
Let x(s) = 2*s + 18. What is the remainder when 38 is divided by x(-5)?
6
Let l = -43 - -48. Calculate the remainder when l is divided by 4.
1
Let s(b) = 0 + 0 + 5*b**2 + 3 + b**3 - 9*b**2. Let i be s(4). Suppose -4*d - 65 + 219 = -3*j, i*d + 5*j = 130. Calculate the remainder when d is divided by 14.
12
Let q = 32 - 29. What is the remainder when 8 is divided by q?
2
Let n(d) = d - 2. Let c be n(3). What is the remainder when c/5 - 159/(-5) is divided by 11?
10
Suppose j = 2*j - 32. Calculate the remainder when j is divided by (-10)/12 - 118/(-12).
5
Let a(l) = l**3 - 2*l**2 + l + 1. Let i be a(2). Suppose h + 3*y = y + 8, -3*h + 18 = i*y. Calculate the remainder when 11 is divided by h.
3
Suppose 0 = 5*p - 2*z - 65, p + 1 = 3*z + 27. Suppose 0 = 4*d - 2*d - 80. Let t = d - 8. Calculate the remainder when t is divided by p.
10
Let f = 26 + 0. Suppose 5*n = 4*y - 29 - 32, 2*n - f = -2*y. Calculate the remainder when 55 is divided by y.
13
Suppose -20 = -6*o + 2*o. Calculate the remainder when 7 is divided by o.
2
Suppose -3*t + 54 = -0*t. Let k be ((-5)/(-2))/5*4. Let w(f) = 13*f**2. What is the remainder when w(k) is divided by t?
16
Let f(x) = 4*x**2 - 2*x - 4. Let n be f(3). Suppose -c - 14 = c. Let k = n + c. Calculate the remainder when 36 is divided by k.
17
Suppose -5 = -3*d - 68. Let f = d + 42. Let m = 117 + -76. Calculate the remainder when m is divided by f.
20
Let u = 182 - 53. What is the remainder when u is divided by 44?
41
Let w(h) = h**3 - 3*h**2 - 4*h + 2. Let g be w(4). Suppose -5*r - 14 = -g*n - 46, -4*r = 3*n - 44. What is the remainder when r is divided by 3?
2
Suppose -3*a + 3*z = 8*z + 9, 0 = 2*a - 4*z - 16. Calculate the remainder when a is divided by (-1 + 0)/(-2 - -1).
0
Let w = 2 - 3. Let y be w/2 + (-10)/(-4). What is the remainder when 8 is divided by (y - -1) + 2 + -2?
2
Let v be 73/5 + (-4)/(-10). Suppose 2*k - v = 7. Let m = 18 - 12. Calculate the remainder when k is divided by m.
5
Calculate the remainder when 49 is divided by (-302)/(-18) - 10/(-45).
15
Suppose -212 = -2*f + n, -5*f - 2*n + 150 + 362 = 0. Calculate the remainder when f is divided by 36.
32
Calculate the remainder when ((-40)/(-18) - 2) + 3601/117 is divided by 12.
7
Let g = 52 + -14. What is the remainder when g is divided by 10?
8
Let p = 10 + -8. What is the remainder when 17 is divided by p - (-4)/8*14?
8
Calculate the remainder when 3 - (-34)/(3 + -2) is divided by 19.
18
Let s = 88 + -59. What is th